 divide 23654700?
True
Does 55 divide 437855?
True
Is 260 a factor of 1724840?
True
Is 4591565 a multiple of 14?
False
Is 27 a factor of 5391032?
False
Does 14 divide 2134377?
False
Does 13 divide 143377?
True
Is 622 a factor of 2490488?
True
Does 68 divide 1941060?
True
Is 89 a factor of 746423?
False
Is 180288 a multiple of 434?
False
Does 10 divide 29490?
True
Is 491 a factor of 6361887?
True
Is 55 a factor of 42691?
False
Is 6496440 a multiple of 1259?
True
Does 49 divide 2324119?
True
Is 6270 a multiple of 11?
True
Is 11 a factor of 136829?
True
Is 9247742 a multiple of 68?
False
Is 3384909 a multiple of 9?
True
Is 50 a factor of 324906?
False
Is 23 a factor of 828575?
True
Is 290 a factor of 200083?
False
Is 2529747 a multiple of 99?
True
Is 8318530 a multiple of 55?
True
Is 24 a factor of 640680?
True
Is 4199428 a multiple of 195?
False
Does 7 divide 214203?
False
Does 35 divide 66426?
False
Is 8111613 a multiple of 1409?
True
Is 77968 a multiple of 16?
True
Is 126 a factor of 270522?
True
Does 43 divide 1906515?
False
Is 10379845 a multiple of 35?
True
Does 79 divide 377270?
False
Is 6142 a multiple of 6?
False
Is 206 a factor of 3197981?
False
Is 32 a factor of 4224320?
True
Is 7 a factor of 9463139?
True
Does 5 divide 2613122?
False
Is 135447 a multiple of 151?
True
Is 79 a factor of 30731?
True
Is 4769636 a multiple of 9?
False
Is 36839 a multiple of 31?
False
Is 197918 a multiple of 14?
True
Is 23776 a multiple of 8?
True
Is 492020 a multiple of 5?
True
Is 16180922 a multiple of 405?
False
Is 37665 a multiple of 9?
True
Is 1436995 a multiple of 7?
True
Is 3088773 a multiple of 28?
False
Is 13 a factor of 5270077?
False
Does 58 divide 40922?
False
Does 45 divide 999046?
False
Is 129856 a multiple of 1638?
False
Does 8 divide 3223368?
True
Is 426 a factor of 741240?
True
Is 647703 a multiple of 16?
False
Does 40 divide 117400?
True
Is 3 a factor of 1083842?
False
Is 316 a factor of 982128?
True
Is 223 a factor of 4683?
True
Is 1579 a factor of 4391393?
False
Does 65 divide 26780?
True
Is 51 a factor of 20298000?
True
Does 12 divide 67212?
True
Is 4974873 a multiple of 11?
False
Is 268 a factor of 7756992?
True
Is 159040 a multiple of 160?
True
Is 97 a factor of 899681?
False
Does 916 divide 1356596?
True
Is 1169711 a multiple of 23?
True
Does 32 divide 4295488?
True
Is 33 a factor of 361614?
True
Is 496196 a multiple of 8?
False
Does 181 divide 6226235?
False
Is 84 a factor of 2806635?
False
Does 43 divide 3934242?
True
Is 63437 a multiple of 7?
False
Does 85 divide 2883455?
True
Is 17 a factor of 611830?
True
Is 528115 a multiple of 3?
False
Is 120 a factor of 125760?
True
Does 14 divide 130739?
False
Is 49 a factor of 388227?
True
Is 880968 a multiple of 264?
True
Is 13 a factor of 62777?
True
Does 27 divide 42498?
True
Is 11 a factor of 644787?
True
Does 245 divide 1607935?
True
Is 185877 a multiple of 8?
False
Is 31 a factor of 88607?
False
Does 11 divide 1095358?
True
Does 1186 divide 14083750?
True
Is 15 a factor of 31695?
True
Does 14 divide 145348?
True
Is 87 a factor of 81943?
False
Is 90 a factor of 2133990?
True
Is 30 a factor of 492267?
False
Is 272 a factor of 6795376?
True
Does 53 divide 6341980?
True
Does 108 divide 23112?
True
Is 4 a factor of 131576?
True
Is 15 a factor of 560636?
False
Does 16 divide 437000?
False
Is 22 a factor of 829202?
True
Is 6 a factor of 132744?
True
Is 37 a factor of 601694?
True
Is 130 a factor of 196040?
True
Is 3 a factor of 197328?
True
Is 1663164 a multiple of 18?
True
Is 324015 a multiple of 28?
False
Is 342 a factor of 47900?
False
Is 181496 a multiple of 196?
True
Does 72 divide 1208160?
True
Is 318121 a multiple of 17?
True
Does 36 divide 126756?
True
Is 85856 a multiple of 10?
False
Does 10 divide 145630?
True
Is 466448 a multiple of 111?
False
Is 8698 a multiple of 2?
True
Does 34 divide 128928?
True
Is 8 a factor of 87272?
True
Does 13 divide 575016?
True
Is 307 a factor of 233934?
True
Is 14511 a multiple of 23?
False
Is 8726 a multiple of 73?
False
Is 73 a factor of 7849271?
False
Does 54 divide 2395062?
True
Does 1106 divide 21571822?
False
Is 90 a factor of 13100265?
False
Does 5 divide 8410?
True
Is 1670752 a multiple of 218?
True
Is 122 a factor of 531554?
True
Is 2006 a factor of 2517530?
True
Does 439 divide 809077?
True
Is 38948 a multiple of 13?
True
Does 34 divide 1166353?
False
Is 249345 a multiple of 61?
False
Does 205 divide 5342272?
False
Does 1263 divide 805794?
True
Is 16 a factor of 856554?
False
Is 11135931 a multiple of 485?
False
Is 178 a factor of 386972?
True
Is 4 a factor of 106397?
False
Does 370 divide 963765?
False
Does 5 divide 4554413?
False
Is 208240 a multiple of 8?
True
Does 12 divide 722079?
False
Does 101 divide 237148?
True
Is 125 a factor of 123750?
True
Is 3403974 a multiple of 42?
True
Is 313140 a multiple of 443?
False
Is 963683 a multiple of 32?
False
Is 121329 a multiple of 50?
False
Is 271931 a multiple of 6?
False
Is 213673 a multiple of 34?
False
Does 27 divide 37611?
True
Is 28636884 a multiple of 654?
False
Does 5 divide 269820?
True
Does 103 divide 1014550?
True
Is 4 a factor of 7635?
False
Is 707697 a multiple of 9?
True
Is 17 a factor of 10107333?
True
Is 388 a factor of 3258875?
False
Does 16 divide 14864?
True
Does 405 divide 563760?
True
Does 92 divide 332028?
True
Does 14 divide 45598?
True
Is 18156 a multiple of 51?
True
Does 297 divide 88209?
True
Is 23 a factor of 455676?
True
Does 6 divide 1096248?
True
Is 170401 a multiple of 7?
True
Is 3 a factor of 69365?
False
Is 182 a factor of 1054690?
True
Does 613 divide 658382?
False
Is 29889834 a multiple of 101?
False
Does 4 divide 46040?
True
Is 1298592 a multiple of 3?
True
Does 602 divide 1589882?
True
Does 384 divide 304894?
False
Is 1101552 a multiple of 212?
True
Is 5 a factor of 27996?
False
Is 125 a factor of 222795?
False
Is 2177039 a multiple of 29?
False
Does 6 divide 76450?
False
Is 180 a factor of 67570?
False
Is 45911 a multiple of 31?
True
Does 12 divide 54804?
True
Is 898175 a multiple of 153?
False
Is 16 a factor of 44064?
True
Does 10 divide 1151260?
True
Is 576873 a multiple of 9?
True
Does 237 divide 7110?
True
Does 45 divide 18968850?
True
Is 15 a factor of 2224526?
False
Is 193 a factor of 267987?
False
Does 811 divide 3568012?
False
Does 25 divide 75456?
False
Does 20 divide 389640?
True
Does 135 divide 108207?
False
Is 11375202 a multiple of 88?
False
Is 2300134 a multiple of 17?
True
Is 4089928 a multiple of 17?
True
Is 7 a factor of 753863?
False
Does 138 divide 52716?
True
Does 159 divide 915524?
False
Is 17171 a multiple of 269?
False
Is 3 a factor of 38688?
True
Is 162 a factor of 26314308?
True
Does 75 divide 5734275?
True
Does 1716 divide 610291?
False
Does 75 divide 2528238?
False
Does 81 divide 3106512?
True
Is 5839582 a multiple of 11?
False
Does 62 divide 3677592?
True
Does 253 divide 19459814?
False
Is 458 a factor of 3026558?
False
Does 4 divide 42344?
True
Is 3064853 a multiple of 2?
False
Is 65254 a multiple of 118?
True
Is 128882 a multiple of 11?
False
Is 120 a factor of 2985066?
False
Does 67 divide 51858?
True
Does 29 divide 135401?
True
Is 223273 a multiple of 102?
False
Is 308 a factor of 5655496?
True
Does 7 divide 370972?
True
Does 6 divide 683022?
True
Does 149 divide 1646297?
False
Does 282 divide 74673?
False
Is 9 a factor of 21717?
True
Is 272 a factor of 129643?
False
Is 88 a factor of 758296?
True
Does 37 divide 320235?
True
Is 70 a factor of 2872322?
False
Is 4 a factor of 58300?
True
Does 28 divide 9392476?
False
Does 63 divide 1441773?
False
Is 176472 a multiple of 72?
True
Is 3531996 a multiple of 52?
True
Does 85 divide 77265?
True
Does 20 divide 71240?
True
Is 494373 a multiple of 33?
True
Does 29 divide 14132483?
True
Does 143 divide 17160?
True
Is 1278183 a multiple of 85?
False
Is 4 a factor of 5406996?
True
Is 411248 a multiple of 159?
False
Does 36 divide 1043290?
False
Is 15 a factor of 27121201?
False
Is 256189 a multiple of 362?
False
Does 908 divide 1845363?
False
Does 12 divide 10600?
False
Does 18 divide 232488?
True
Does 86 divide 78012?
False
Is 329430 a multiple of 79?
True
Does 54 divide 35910?
True
Is 14 a factor of 431313?
False
Does 11 divide 902616?
True
Does 126 divide 3421782?
True
Is 192 a facto